{"id":77,"date":"2024-11-07T07:59:34","date_gmt":"2024-11-07T07:59:34","guid":{"rendered":"https:\/\/museopaloautoyhdistys.fi\/?page_id=77"},"modified":"2026-01-08T19:37:01","modified_gmt":"2026-01-08T19:37:01","slug":"fargo-w500-power-wagon-taz-7","status":"publish","type":"page","link":"https:\/\/museopaloautoyhdistys.fi\/?page_id=77","title":{"rendered":"Fargo W500 Power Wagon, TAZ-7"},"content":{"rendered":"\n<div class=\"wp-block-media-text is-stacked-on-mobile\"><figure class=\"wp-block-media-text__media\"><img loading=\"lazy\" decoding=\"async\" width=\"1024\" height=\"768\" src=\"https:\/\/museopaloautoyhdistys.fi\/wp-content\/uploads\/2024\/11\/Fargo_KLVPK2-1024x768.jpg\" alt=\"\" class=\"wp-image-78 size-full\" srcset=\"https:\/\/museopaloautoyhdistys.fi\/wp-content\/uploads\/2024\/11\/Fargo_KLVPK2-1024x768.jpg 1024w, https:\/\/museopaloautoyhdistys.fi\/wp-content\/uploads\/2024\/11\/Fargo_KLVPK2-300x225.jpg 300w, https:\/\/museopaloautoyhdistys.fi\/wp-content\/uploads\/2024\/11\/Fargo_KLVPK2-768x576.jpg 768w, https:\/\/museopaloautoyhdistys.fi\/wp-content\/uploads\/2024\/11\/Fargo_KLVPK2-1536x1152.jpg 1536w, https:\/\/museopaloautoyhdistys.fi\/wp-content\/uploads\/2024\/11\/Fargo_KLVPK2-2048x1536.jpg 2048w\" sizes=\"auto, (max-width: 1024px) 100vw, 1024px\" \/><\/figure><div class=\"wp-block-media-text__content\">\n<p class=\"has-roboto-font-family has-extra-small-font-size\" style=\"line-height:1.3\"><strong>MERKKI, MALLI, VUOSIMALLI<\/strong><br>Fargo W500 Power Wagon, 1962, TAZ-7<br><strong>VALMISTAJA<\/strong><br>Chrysler Motor Co., Detroit, Warren Factory, Michigan<br><strong>P\u00c4\u00c4LIRAKENTEEN VALMISTAJA<\/strong><br>Kiitokori, Kausala<br><strong>KUNTO<\/strong><br>Erinomainen<br><strong>OMISTAJA<\/strong><br>Juha Jortikka, 0405879457,<br>j.p.jortikka@gmail.com<\/p>\n<\/div><\/div>\n\n\n\n<p class=\"has-roboto-font-family has-extra-small-font-size\" style=\"line-height:1.3\">1960-luku oli bensiinik\u00e4ytt\u00f6isten amerikkkalaisten paloautojen kulta-aikaa. Merkkivalikoima oli laaja: Ford ja sen F-sarja kilpaili tasap\u00e4isesti Chrysler Corporationin Fargo, Dodge ja De Soto-merkkien kanssa. My\u00f6s International Harvesterin Loadstar oli suosittu paloauton alusta Suomessa.<\/p>\n\n\n\n<p class=\"has-roboto-font-family has-extra-small-font-size\" style=\"line-height:1.3\">K\u00f6yli\u00f6n L\u00e4ntisen VPK:n ensimm\u00e4iseksi paloautoksi hankittiin vuonna 1962 aito jenkki, Fargo W500. Chryslerin valmistama Fargo-alusta ja Kiitokorin p\u00e4\u00e4lirakenne muodostivat 1960-luvulla tehokkaan kokonaisuuden.<\/p>\n\n\n\n<p class=\"has-roboto-font-family has-extra-small-font-size\" style=\"line-height:1.3\">Lainaus auton nelisivuisesta rakennetapaselostuksesta. Se osoittaa, ett\u00e4 puu oli t\u00e4rke\u00e4 materiaali paloautoissa viel\u00e4 1960-luvulla:<\/p>\n\n\n\n<p class=\"has-text-align-center has-vivid-red-color has-text-color has-link-color has-roboto-font-family has-medium-font-size wp-elements-00381bd507ede77b1d54fafe275d0b27\" style=\"line-height:1.3\"><br><strong>\u201d\u2026 kori rakennetaan siten, etta\u0308 kehikko on puuta, tolpat jalopuuta ja raudoitettu rasituskohdistaan rasitusvaatimusten mukaan. Lahokyll\u00e4stetty huolellisesti ennen levytyst\u00e4. Pa\u0308a\u0308llystelevy on 1 mm tera\u0308slevya\u0308. Lattia 1 1\/2\u201d Bolinder kyll\u00e4stetty\u00e4 tasaponttia, ja p\u00e4\u00e4llystet\u00e4\u00e4n teflonmatolla.\u201d<\/strong><\/p>\n\n\n\n<p class=\"has-roboto-font-family has-extra-small-font-size\" style=\"line-height:1.3\"><br>Auto toimitettiin K\u00f6yli\u00f6\u00f6n t\u00e4ysin kalustettuna. K\u00f6yli\u00f6l\u00e4isi\u00e4 auto palveli vuoteen 1984, jolloin se myytiin Lohjan Paperi Oy:lle. Vaikka yhti\u00f6 vaihtoi useasti omistajaa, auto pysyi Lohjan tehtaan paloautona. Vuonna 2011 lohjalainen Janne Savolainen osti Fargon. Auto palasi Satakuntaan vuonna 2023, kun k\u00f6yli\u00f6l\u00e4inen Juha Jortikka osti sen.<br>Fargo on nelivetoinen. Keulalla on aito 5,2 litran bensiini-veekasi (318 Mopar). Bensiininkulutuksesta on monta tarinaa. Mik\u00e4\u00e4n talousihme Fargo ei ollut, eik\u00e4 ole t\u00e4n\u00e4\u00e4nk\u00e4\u00e4n.<\/p>\n\n\n\n<p class=\"has-roboto-font-family has-extra-small-font-size\" style=\"line-height:1.3\">Kausalalaisen Kiitokorin valmistamassa paloautossa on tilaa 1+2+5 hengelle. Vett\u00e4 on mukana 1800 litraa. Ruberg-nokkapumpun teho on 2700 l\/min.\/9 bar.<\/p>\n\n\n\n<p class=\"has-roboto-font-family has-extra-small-font-size\" style=\"line-height:1.3\">Fargo on ollut museorekisteriss\u00e4 vuodesta 2023 alkaen. Se on edelleen tieliikennekelpoinen eli \u201dsoiva peli\u201d. Autoon on tehty peltiremonttia ja se on maalattu. Moottoritila ja sisustus on osittain kunnostettu. Omistaja Juha Jortikka on ottanut autoon t\u00e4yskolarivakuutuksen.<\/p>\n\n\n\n<p class=\"has-roboto-font-family has-extra-small-font-size\" style=\"line-height:1.3\">Auto on n\u00e4ht\u00e4vill\u00e4 Satakunnan Museopaloautoyhdistyksen hallilla Porin Ulasoorissa.<\/p>\n\n\n\n<figure class=\"wp-block-gallery has-nested-images columns-2 is-cropped wp-block-gallery-1 is-layout-flex wp-block-gallery-is-layout-flex\">\n<figure class=\"wp-block-image size-large\"><a href=\"https:\/\/museopaloautoyhdistys.fi\/?attachment_id=92\" target=\"_blank\" rel=\"noopener\"><img loading=\"lazy\" decoding=\"async\" width=\"1024\" height=\"731\" data-id=\"92\" src=\"https:\/\/museopaloautoyhdistys.fi\/wp-content\/uploads\/2024\/11\/Fargo-W500-Power-Wagon-1962-1024x731.jpg\" alt=\"\" class=\"wp-image-92\" srcset=\"https:\/\/museopaloautoyhdistys.fi\/wp-content\/uploads\/2024\/11\/Fargo-W500-Power-Wagon-1962-1024x731.jpg 1024w, https:\/\/museopaloautoyhdistys.fi\/wp-content\/uploads\/2024\/11\/Fargo-W500-Power-Wagon-1962-300x214.jpg 300w, https:\/\/museopaloautoyhdistys.fi\/wp-content\/uploads\/2024\/11\/Fargo-W500-Power-Wagon-1962-768x549.jpg 768w, https:\/\/museopaloautoyhdistys.fi\/wp-content\/uploads\/2024\/11\/Fargo-W500-Power-Wagon-1962.jpg 1400w\" sizes=\"auto, (max-width: 1024px) 100vw, 1024px\" \/><\/a><\/figure>\n\n\n\n<figure class=\"wp-block-image size-large\"><a href=\"https:\/\/museopaloautoyhdistys.fi\/?attachment_id=93\" target=\"_blank\" rel=\"noopener\"><img loading=\"lazy\" decoding=\"async\" width=\"768\" height=\"1024\" data-id=\"93\" src=\"https:\/\/museopaloautoyhdistys.fi\/wp-content\/uploads\/2024\/11\/Fargo_KLVPK1-768x1024.jpg\" alt=\"\" class=\"wp-image-93\" srcset=\"https:\/\/museopaloautoyhdistys.fi\/wp-content\/uploads\/2024\/11\/Fargo_KLVPK1-768x1024.jpg 768w, https:\/\/museopaloautoyhdistys.fi\/wp-content\/uploads\/2024\/11\/Fargo_KLVPK1-225x300.jpg 225w, https:\/\/museopaloautoyhdistys.fi\/wp-content\/uploads\/2024\/11\/Fargo_KLVPK1-1152x1536.jpg 1152w, https:\/\/museopaloautoyhdistys.fi\/wp-content\/uploads\/2024\/11\/Fargo_KLVPK1-1536x2048.jpg 1536w, https:\/\/museopaloautoyhdistys.fi\/wp-content\/uploads\/2024\/11\/Fargo_KLVPK1-scaled.jpg 1920w\" sizes=\"auto, (max-width: 768px) 100vw, 768px\" \/><\/a><\/figure>\n<\/figure>\n","protected":false},"excerpt":{"rendered":"<p>MERKKI, MALLI, VUOSIMALLIFargo W500 Power Wagon, 1962, TAZ-7VALMISTAJAChrysler Motor Co., Detroit, Warren Factory, MichiganP\u00c4\u00c4LIRAKENTEEN VALMISTAJAKiitokori, KausalaKUNTOErinomainenOMISTAJAJuha Jortikka, 0405879457,j.p.jortikka@gmail.com 1960-luku oli bensiinik\u00e4ytt\u00f6isten amerikkkalaisten paloautojen kulta-aikaa. Merkkivalikoima oli laaja: Ford ja sen F-sarja kilpaili tasap\u00e4isesti Chrysler Corporationin Fargo, Dodge ja De Soto-merkkien kanssa. My\u00f6s International Harvesterin Loadstar oli suosittu paloauton alusta Suomessa. K\u00f6yli\u00f6n L\u00e4ntisen VPK:n ensimm\u00e4iseksi paloautoksi [&hellip;]<\/p>\n","protected":false},"author":1,"featured_media":0,"parent":37,"menu_order":0,"comment_status":"closed","ping_status":"closed","template":"","meta":{"_monsterinsights_skip_tracking":false,"_monsterinsights_sitenote_active":false,"_monsterinsights_sitenote_note":"","_monsterinsights_sitenote_category":0,"footnotes":""},"class_list":["post-77","page","type-page","status-publish","hentry"],"yoast_head":"<!-- This site is optimized with the Yoast SEO plugin v27.4 - https:\/\/yoast.com\/product\/yoast-seo-wordpress\/ -->\n<title>Fargo W500 Power Wagon, TAZ-7 - Satakunnan Museopaloautoyhdistys<\/title>\n<meta name=\"robots\" content=\"index, follow, max-snippet:-1, max-image-preview:large, max-video-preview:-1\" \/>\n<link rel=\"canonical\" href=\"https:\/\/museopaloautoyhdistys.fi\/?page_id=77\" \/>\n<meta property=\"og:locale\" content=\"fi_FI\" \/>\n<meta property=\"og:type\" content=\"article\" \/>\n<meta property=\"og:title\" content=\"Fargo W500 Power Wagon, TAZ-7 - Satakunnan Museopaloautoyhdistys\" \/>\n<meta property=\"og:description\" content=\"MERKKI, MALLI, VUOSIMALLIFargo W500 Power Wagon, 1962, TAZ-7VALMISTAJAChrysler Motor Co., Detroit, Warren Factory, MichiganP\u00c4\u00c4LIRAKENTEEN VALMISTAJAKiitokori, KausalaKUNTOErinomainenOMISTAJAJuha Jortikka, 0405879457,j.p.jortikka@gmail.com 1960-luku oli bensiinik\u00e4ytt\u00f6isten amerikkkalaisten paloautojen kulta-aikaa. Merkkivalikoima oli laaja: Ford ja sen F-sarja kilpaili tasap\u00e4isesti Chrysler Corporationin Fargo, Dodge ja De Soto-merkkien kanssa. My\u00f6s International Harvesterin Loadstar oli suosittu paloauton alusta Suomessa. K\u00f6yli\u00f6n L\u00e4ntisen VPK:n ensimm\u00e4iseksi paloautoksi [&hellip;]\" \/>\n<meta property=\"og:url\" content=\"https:\/\/museopaloautoyhdistys.fi\/?page_id=77\" \/>\n<meta property=\"og:site_name\" content=\"Satakunnan Museopaloautoyhdistys\" \/>\n<meta property=\"article:modified_time\" content=\"2026-01-08T19:37:01+00:00\" \/>\n<meta property=\"og:image\" content=\"https:\/\/museopaloautoyhdistys.fi\/wp-content\/uploads\/2024\/11\/Fargo_KLVPK2-scaled.jpg\" \/>\n\t<meta property=\"og:image:width\" content=\"2560\" \/>\n\t<meta property=\"og:image:height\" content=\"1920\" \/>\n\t<meta property=\"og:image:type\" content=\"image\/jpeg\" \/>\n<meta name=\"twitter:card\" content=\"summary_large_image\" \/>\n<meta name=\"twitter:label1\" content=\"Arvioitu lukuaika\" \/>\n\t<meta name=\"twitter:data1\" content=\"3 minuuttia\" \/>\n<script type=\"application\/ld+json\" class=\"yoast-schema-graph\">{\"@context\":\"https:\\\/\\\/schema.org\",\"@graph\":[{\"@type\":\"WebPage\",\"@id\":\"https:\\\/\\\/museopaloautoyhdistys.fi\\\/?page_id=77\",\"url\":\"https:\\\/\\\/museopaloautoyhdistys.fi\\\/?page_id=77\",\"name\":\"Fargo W500 Power Wagon, TAZ-7 - Satakunnan Museopaloautoyhdistys\",\"isPartOf\":{\"@id\":\"https:\\\/\\\/museopaloautoyhdistys.fi\\\/#website\"},\"primaryImageOfPage\":{\"@id\":\"https:\\\/\\\/museopaloautoyhdistys.fi\\\/?page_id=77#primaryimage\"},\"image\":{\"@id\":\"https:\\\/\\\/museopaloautoyhdistys.fi\\\/?page_id=77#primaryimage\"},\"thumbnailUrl\":\"https:\\\/\\\/museopaloautoyhdistys.fi\\\/wp-content\\\/uploads\\\/2024\\\/11\\\/Fargo_KLVPK2-1024x768.jpg\",\"datePublished\":\"2024-11-07T07:59:34+00:00\",\"dateModified\":\"2026-01-08T19:37:01+00:00\",\"breadcrumb\":{\"@id\":\"https:\\\/\\\/museopaloautoyhdistys.fi\\\/?page_id=77#breadcrumb\"},\"inLanguage\":\"fi\",\"potentialAction\":[{\"@type\":\"ReadAction\",\"target\":[\"https:\\\/\\\/museopaloautoyhdistys.fi\\\/?page_id=77\"]}]},{\"@type\":\"ImageObject\",\"inLanguage\":\"fi\",\"@id\":\"https:\\\/\\\/museopaloautoyhdistys.fi\\\/?page_id=77#primaryimage\",\"url\":\"https:\\\/\\\/museopaloautoyhdistys.fi\\\/wp-content\\\/uploads\\\/2024\\\/11\\\/Fargo_KLVPK2-scaled.jpg\",\"contentUrl\":\"https:\\\/\\\/museopaloautoyhdistys.fi\\\/wp-content\\\/uploads\\\/2024\\\/11\\\/Fargo_KLVPK2-scaled.jpg\",\"width\":2560,\"height\":1920},{\"@type\":\"BreadcrumbList\",\"@id\":\"https:\\\/\\\/museopaloautoyhdistys.fi\\\/?page_id=77#breadcrumb\",\"itemListElement\":[{\"@type\":\"ListItem\",\"position\":1,\"name\":\"Home\",\"item\":\"https:\\\/\\\/museopaloautoyhdistys.fi\\\/\"},{\"@type\":\"ListItem\",\"position\":2,\"name\":\"Museopaloautot\",\"item\":\"https:\\\/\\\/museopaloautoyhdistys.fi\\\/?page_id=37\"},{\"@type\":\"ListItem\",\"position\":3,\"name\":\"Fargo W500 Power Wagon, TAZ-7\"}]},{\"@type\":\"WebSite\",\"@id\":\"https:\\\/\\\/museopaloautoyhdistys.fi\\\/#website\",\"url\":\"https:\\\/\\\/museopaloautoyhdistys.fi\\\/\",\"name\":\"Satakunnan Museopaloautoyhdistys\",\"description\":\"\",\"potentialAction\":[{\"@type\":\"SearchAction\",\"target\":{\"@type\":\"EntryPoint\",\"urlTemplate\":\"https:\\\/\\\/museopaloautoyhdistys.fi\\\/?s={search_term_string}\"},\"query-input\":{\"@type\":\"PropertyValueSpecification\",\"valueRequired\":true,\"valueName\":\"search_term_string\"}}],\"inLanguage\":\"fi\"}]}<\/script>\n<!-- \/ Yoast SEO plugin. -->","yoast_head_json":{"title":"Fargo W500 Power Wagon, TAZ-7 - Satakunnan Museopaloautoyhdistys","robots":{"index":"index","follow":"follow","max-snippet":"max-snippet:-1","max-image-preview":"max-image-preview:large","max-video-preview":"max-video-preview:-1"},"canonical":"https:\/\/museopaloautoyhdistys.fi\/?page_id=77","og_locale":"fi_FI","og_type":"article","og_title":"Fargo W500 Power Wagon, TAZ-7 - Satakunnan Museopaloautoyhdistys","og_description":"MERKKI, MALLI, VUOSIMALLIFargo W500 Power Wagon, 1962, TAZ-7VALMISTAJAChrysler Motor Co., Detroit, Warren Factory, MichiganP\u00c4\u00c4LIRAKENTEEN VALMISTAJAKiitokori, KausalaKUNTOErinomainenOMISTAJAJuha Jortikka, 0405879457,j.p.jortikka@gmail.com 1960-luku oli bensiinik\u00e4ytt\u00f6isten amerikkkalaisten paloautojen kulta-aikaa. Merkkivalikoima oli laaja: Ford ja sen F-sarja kilpaili tasap\u00e4isesti Chrysler Corporationin Fargo, Dodge ja De Soto-merkkien kanssa. My\u00f6s International Harvesterin Loadstar oli suosittu paloauton alusta Suomessa. K\u00f6yli\u00f6n L\u00e4ntisen VPK:n ensimm\u00e4iseksi paloautoksi [&hellip;]","og_url":"https:\/\/museopaloautoyhdistys.fi\/?page_id=77","og_site_name":"Satakunnan Museopaloautoyhdistys","article_modified_time":"2026-01-08T19:37:01+00:00","og_image":[{"width":2560,"height":1920,"url":"https:\/\/museopaloautoyhdistys.fi\/wp-content\/uploads\/2024\/11\/Fargo_KLVPK2-scaled.jpg","type":"image\/jpeg"}],"twitter_card":"summary_large_image","twitter_misc":{"Arvioitu lukuaika":"3 minuuttia"},"schema":{"@context":"https:\/\/schema.org","@graph":[{"@type":"WebPage","@id":"https:\/\/museopaloautoyhdistys.fi\/?page_id=77","url":"https:\/\/museopaloautoyhdistys.fi\/?page_id=77","name":"Fargo W500 Power Wagon, TAZ-7 - Satakunnan Museopaloautoyhdistys","isPartOf":{"@id":"https:\/\/museopaloautoyhdistys.fi\/#website"},"primaryImageOfPage":{"@id":"https:\/\/museopaloautoyhdistys.fi\/?page_id=77#primaryimage"},"image":{"@id":"https:\/\/museopaloautoyhdistys.fi\/?page_id=77#primaryimage"},"thumbnailUrl":"https:\/\/museopaloautoyhdistys.fi\/wp-content\/uploads\/2024\/11\/Fargo_KLVPK2-1024x768.jpg","datePublished":"2024-11-07T07:59:34+00:00","dateModified":"2026-01-08T19:37:01+00:00","breadcrumb":{"@id":"https:\/\/museopaloautoyhdistys.fi\/?page_id=77#breadcrumb"},"inLanguage":"fi","potentialAction":[{"@type":"ReadAction","target":["https:\/\/museopaloautoyhdistys.fi\/?page_id=77"]}]},{"@type":"ImageObject","inLanguage":"fi","@id":"https:\/\/museopaloautoyhdistys.fi\/?page_id=77#primaryimage","url":"https:\/\/museopaloautoyhdistys.fi\/wp-content\/uploads\/2024\/11\/Fargo_KLVPK2-scaled.jpg","contentUrl":"https:\/\/museopaloautoyhdistys.fi\/wp-content\/uploads\/2024\/11\/Fargo_KLVPK2-scaled.jpg","width":2560,"height":1920},{"@type":"BreadcrumbList","@id":"https:\/\/museopaloautoyhdistys.fi\/?page_id=77#breadcrumb","itemListElement":[{"@type":"ListItem","position":1,"name":"Home","item":"https:\/\/museopaloautoyhdistys.fi\/"},{"@type":"ListItem","position":2,"name":"Museopaloautot","item":"https:\/\/museopaloautoyhdistys.fi\/?page_id=37"},{"@type":"ListItem","position":3,"name":"Fargo W500 Power Wagon, TAZ-7"}]},{"@type":"WebSite","@id":"https:\/\/museopaloautoyhdistys.fi\/#website","url":"https:\/\/museopaloautoyhdistys.fi\/","name":"Satakunnan Museopaloautoyhdistys","description":"","potentialAction":[{"@type":"SearchAction","target":{"@type":"EntryPoint","urlTemplate":"https:\/\/museopaloautoyhdistys.fi\/?s={search_term_string}"},"query-input":{"@type":"PropertyValueSpecification","valueRequired":true,"valueName":"search_term_string"}}],"inLanguage":"fi"}]}},"_links":{"self":[{"href":"https:\/\/museopaloautoyhdistys.fi\/index.php?rest_route=\/wp\/v2\/pages\/77","targetHints":{"allow":["GET"]}}],"collection":[{"href":"https:\/\/museopaloautoyhdistys.fi\/index.php?rest_route=\/wp\/v2\/pages"}],"about":[{"href":"https:\/\/museopaloautoyhdistys.fi\/index.php?rest_route=\/wp\/v2\/types\/page"}],"author":[{"embeddable":true,"href":"https:\/\/museopaloautoyhdistys.fi\/index.php?rest_route=\/wp\/v2\/users\/1"}],"replies":[{"embeddable":true,"href":"https:\/\/museopaloautoyhdistys.fi\/index.php?rest_route=%2Fwp%2Fv2%2Fcomments&post=77"}],"version-history":[{"count":3,"href":"https:\/\/museopaloautoyhdistys.fi\/index.php?rest_route=\/wp\/v2\/pages\/77\/revisions"}],"predecessor-version":[{"id":97,"href":"https:\/\/museopaloautoyhdistys.fi\/index.php?rest_route=\/wp\/v2\/pages\/77\/revisions\/97"}],"up":[{"embeddable":true,"href":"https:\/\/museopaloautoyhdistys.fi\/index.php?rest_route=\/wp\/v2\/pages\/37"}],"wp:attachment":[{"href":"https:\/\/museopaloautoyhdistys.fi\/index.php?rest_route=%2Fwp%2Fv2%2Fmedia&parent=77"}],"curies":[{"name":"wp","href":"https:\/\/api.w.org\/{rel}","templated":true}]}}