{"id":261,"date":"2025-08-21T06:01:48","date_gmt":"2025-08-21T06:01:48","guid":{"rendered":"https:\/\/museopaloautoyhdistys.fi\/?page_id=261"},"modified":"2026-01-08T19:37:01","modified_gmt":"2026-01-08T19:37:01","slug":"ford-f-250-4x4-vm-1961-maastopaloauto","status":"publish","type":"page","link":"https:\/\/museopaloautoyhdistys.fi\/?page_id=261","title":{"rendered":"FORD F-250 4&#215;4 vm 1961 MAASTOPALOAUTO"},"content":{"rendered":"\n<div class=\"wp-block-media-text is-stacked-on-mobile\"><figure class=\"wp-block-media-text__media\"><img loading=\"lazy\" decoding=\"async\" width=\"1024\" height=\"768\" src=\"https:\/\/museopaloautoyhdistys.fi\/wp-content\/uploads\/2025\/08\/1961-Ford-F-250-Huittinen_PeHa-2-1024x768.jpg\" alt=\"\" class=\"wp-image-262 size-full\" srcset=\"https:\/\/museopaloautoyhdistys.fi\/wp-content\/uploads\/2025\/08\/1961-Ford-F-250-Huittinen_PeHa-2-1024x768.jpg 1024w, https:\/\/museopaloautoyhdistys.fi\/wp-content\/uploads\/2025\/08\/1961-Ford-F-250-Huittinen_PeHa-2-300x225.jpg 300w, https:\/\/museopaloautoyhdistys.fi\/wp-content\/uploads\/2025\/08\/1961-Ford-F-250-Huittinen_PeHa-2-768x576.jpg 768w, https:\/\/museopaloautoyhdistys.fi\/wp-content\/uploads\/2025\/08\/1961-Ford-F-250-Huittinen_PeHa-2-1536x1152.jpg 1536w, https:\/\/museopaloautoyhdistys.fi\/wp-content\/uploads\/2025\/08\/1961-Ford-F-250-Huittinen_PeHa-2-2048x1536.jpg 2048w\" sizes=\"auto, (max-width: 1024px) 100vw, 1024px\" \/><\/figure><div class=\"wp-block-media-text__content\">\n<p class=\"has-roboto-font-family\"><strong>MERKKI, MALLI, VUOSIMALLI<\/strong><br>Ford F-250, 4&#215;4, 1961<br><strong>REKISTERINUMERO<\/strong><br>TAJ-1<br><strong>VALMISTAJA<\/strong><br>Ford Motor Company1961, USA<br><strong>KORITY\u00d6T<\/strong><br>Autokori- ja palokalustotehdas Nummela Oy, Kaarina<br><strong>KUNTO<\/strong><br>Hyv\u00e4, mutta vaatii viel\u00e4 kunnostusta.<br>Moottorin kunnostus kesken.<br><strong>OMISTAJA<\/strong><br>Satakunnan pelastuslaitos<br><strong>HALTIJA<\/strong><br>Huittisten VPK<br><strong>LIS\u00c4TIEDOT<\/strong><br>Pekka Lehtinen, puh. 044-3569495<\/p>\n<\/div><\/div>\n\n\n\n<p class=\"has-roboto-font-family\">Maastopaloauto Ford F-250 hankittiin Huittisiin uutena vuonna 1961. Isompi auto olisi tarvittu, mutta paloasemalla oli uutta autoa varten vain lyhyt paikka.<\/p>\n\n\n\n<p class=\"has-roboto-font-family\">Ford F-250 oli, ja on harvinainen, koska Suomessa on ollut vain kaksi samanlaista paloautoa.<br>Autossa oli alussa 400 litran vesisa\u0308ilio\u0308 ja Rubergin matala-\/korkeapainepumppu pera\u0308asennuksena. Erillisess\u00e4 takaosastossa oli miehisto\u0308tilat nelja\u0308lle. Takapainoisuutensa vuoksi autoa oli hankala ajaa, ja siksi se era\u0308a\u0308lla\u0308 ha\u0308lytystehta\u0308va\u0308lla\u0308 syo\u0308ksyi keula tulosuuntaan katolleen ojaan. Takana istuneet miehet loukkaantuivat.<\/p>\n\n\n\n<p class=\"has-roboto-font-family\">Ford oli Huittisten VPK:n k\u00e4yt\u00f6ss\u00e4 vuoteen 1976, jolloin se siirtyi Huittisten palolaitoksen k\u00e4ytt\u00f6\u00f6n. Auto varusteltiin pelastusautoksi omana tyo\u0308na\u0308. My\u00f6hemmin siit\u00e4 poistettiin s\u00e4ili\u00f6 ja pumppu, ja autoon sijoitettiin muun muassa ka\u0308sitoimiset hydrauliset pelastusva\u0308lineet. Onnettomuudet alueen valtateill\u00e4 tyo\u0308llistiva\u0308tkin useasti ta\u0308ta\u0308 yksikko\u0308a\u0308.<br>Lopulta Ford toimi useita vuosia letkuautona 2000-luvun alkuun saakka.<\/p>\n\n\n\n<p class=\"has-roboto-font-family\">Ford edusti aikansa paloautojen ka\u0308rkea\u0308. Nelivetoisena ja tehokkaalla moottorilla varustettuna se oli hyva\u0308 myo\u0308s raskaan o\u0308ljyntorjuntapera\u0308vaunun veta\u0308ja\u0308na\u0308.<\/p>\n\n\n\n<p class=\"has-roboto-font-family\">Fordiin liittyy pitka\u0308 ajanjakso Huittisten palotoimen historiaa. Ajoneuvoa kunnostetaan ja entiso\u0308ida\u0308a\u0308n Huittisten VPK:n toimesta tulevien sukupolvien ihailtavaksi.<\/p>\n\n\n\n<figure class=\"wp-block-image size-large is-resized\"><img loading=\"lazy\" decoding=\"async\" width=\"819\" height=\"1024\" src=\"https:\/\/museopaloautoyhdistys.fi\/wp-content\/uploads\/2025\/08\/1961-Ford-F-250-Huittinen_20240824-819x1024.jpg\" alt=\"\" class=\"wp-image-264\" style=\"width:585px;height:auto\" srcset=\"https:\/\/museopaloautoyhdistys.fi\/wp-content\/uploads\/2025\/08\/1961-Ford-F-250-Huittinen_20240824-819x1024.jpg 819w, https:\/\/museopaloautoyhdistys.fi\/wp-content\/uploads\/2025\/08\/1961-Ford-F-250-Huittinen_20240824-240x300.jpg 240w, https:\/\/museopaloautoyhdistys.fi\/wp-content\/uploads\/2025\/08\/1961-Ford-F-250-Huittinen_20240824-768x961.jpg 768w, https:\/\/museopaloautoyhdistys.fi\/wp-content\/uploads\/2025\/08\/1961-Ford-F-250-Huittinen_20240824-1228x1536.jpg 1228w, https:\/\/museopaloautoyhdistys.fi\/wp-content\/uploads\/2025\/08\/1961-Ford-F-250-Huittinen_20240824.jpg 1436w\" sizes=\"auto, (max-width: 819px) 100vw, 819px\" \/><\/figure>\n\n\n\n<p><\/p>\n","protected":false},"excerpt":{"rendered":"<p>MERKKI, MALLI, VUOSIMALLIFord F-250, 4&#215;4, 1961REKISTERINUMEROTAJ-1VALMISTAJAFord Motor Company1961, USAKORITY\u00d6TAutokori- ja palokalustotehdas Nummela Oy, KaarinaKUNTOHyv\u00e4, mutta vaatii viel\u00e4 kunnostusta.Moottorin kunnostus kesken.OMISTAJASatakunnan pelastuslaitosHALTIJAHuittisten VPKLIS\u00c4TIEDOTPekka Lehtinen, puh. 044-3569495 Maastopaloauto Ford F-250 hankittiin Huittisiin uutena vuonna 1961. Isompi auto olisi tarvittu, mutta paloasemalla oli uutta autoa varten vain lyhyt paikka. Ford F-250 oli, ja on harvinainen, koska Suomessa on [&hellip;]<\/p>\n","protected":false},"author":1,"featured_media":0,"parent":37,"menu_order":0,"comment_status":"closed","ping_status":"closed","template":"","meta":{"_monsterinsights_skip_tracking":false,"_monsterinsights_sitenote_active":false,"_monsterinsights_sitenote_note":"","_monsterinsights_sitenote_category":0,"footnotes":""},"class_list":["post-261","page","type-page","status-publish","hentry"],"yoast_head":"<!-- This site is optimized with the Yoast SEO plugin v27.4 - https:\/\/yoast.com\/product\/yoast-seo-wordpress\/ -->\n<title>FORD F-250 4x4 vm 1961 MAASTOPALOAUTO - Satakunnan Museopaloautoyhdistys<\/title>\n<meta name=\"robots\" content=\"index, follow, max-snippet:-1, max-image-preview:large, max-video-preview:-1\" \/>\n<link rel=\"canonical\" href=\"https:\/\/museopaloautoyhdistys.fi\/?page_id=261\" \/>\n<meta property=\"og:locale\" content=\"fi_FI\" \/>\n<meta property=\"og:type\" content=\"article\" \/>\n<meta property=\"og:title\" content=\"FORD F-250 4x4 vm 1961 MAASTOPALOAUTO - Satakunnan Museopaloautoyhdistys\" \/>\n<meta property=\"og:description\" content=\"MERKKI, MALLI, VUOSIMALLIFord F-250, 4&#215;4, 1961REKISTERINUMEROTAJ-1VALMISTAJAFord Motor Company1961, USAKORITY\u00d6TAutokori- ja palokalustotehdas Nummela Oy, KaarinaKUNTOHyv\u00e4, mutta vaatii viel\u00e4 kunnostusta.Moottorin kunnostus kesken.OMISTAJASatakunnan pelastuslaitosHALTIJAHuittisten VPKLIS\u00c4TIEDOTPekka Lehtinen, puh. 044-3569495 Maastopaloauto Ford F-250 hankittiin Huittisiin uutena vuonna 1961. Isompi auto olisi tarvittu, mutta paloasemalla oli uutta autoa varten vain lyhyt paikka. Ford F-250 oli, ja on harvinainen, koska Suomessa on [&hellip;]\" \/>\n<meta property=\"og:url\" content=\"https:\/\/museopaloautoyhdistys.fi\/?page_id=261\" \/>\n<meta property=\"og:site_name\" content=\"Satakunnan Museopaloautoyhdistys\" \/>\n<meta property=\"article:modified_time\" content=\"2026-01-08T19:37:01+00:00\" \/>\n<meta property=\"og:image\" content=\"https:\/\/museopaloautoyhdistys.fi\/wp-content\/uploads\/2025\/08\/1961-Ford-F-250-Huittinen_PeHa-2-scaled.jpg\" \/>\n\t<meta property=\"og:image:width\" content=\"2560\" \/>\n\t<meta property=\"og:image:height\" content=\"1920\" \/>\n\t<meta property=\"og:image:type\" content=\"image\/jpeg\" \/>\n<meta name=\"twitter:card\" content=\"summary_large_image\" \/>\n<meta name=\"twitter:label1\" content=\"Arvioitu lukuaika\" \/>\n\t<meta name=\"twitter:data1\" content=\"2 minuuttia\" \/>\n<script type=\"application\/ld+json\" class=\"yoast-schema-graph\">{\"@context\":\"https:\\\/\\\/schema.org\",\"@graph\":[{\"@type\":\"WebPage\",\"@id\":\"https:\\\/\\\/museopaloautoyhdistys.fi\\\/?page_id=261\",\"url\":\"https:\\\/\\\/museopaloautoyhdistys.fi\\\/?page_id=261\",\"name\":\"FORD F-250 4x4 vm 1961 MAASTOPALOAUTO - Satakunnan Museopaloautoyhdistys\",\"isPartOf\":{\"@id\":\"https:\\\/\\\/museopaloautoyhdistys.fi\\\/#website\"},\"primaryImageOfPage\":{\"@id\":\"https:\\\/\\\/museopaloautoyhdistys.fi\\\/?page_id=261#primaryimage\"},\"image\":{\"@id\":\"https:\\\/\\\/museopaloautoyhdistys.fi\\\/?page_id=261#primaryimage\"},\"thumbnailUrl\":\"https:\\\/\\\/museopaloautoyhdistys.fi\\\/wp-content\\\/uploads\\\/2025\\\/08\\\/1961-Ford-F-250-Huittinen_PeHa-2-1024x768.jpg\",\"datePublished\":\"2025-08-21T06:01:48+00:00\",\"dateModified\":\"2026-01-08T19:37:01+00:00\",\"breadcrumb\":{\"@id\":\"https:\\\/\\\/museopaloautoyhdistys.fi\\\/?page_id=261#breadcrumb\"},\"inLanguage\":\"fi\",\"potentialAction\":[{\"@type\":\"ReadAction\",\"target\":[\"https:\\\/\\\/museopaloautoyhdistys.fi\\\/?page_id=261\"]}]},{\"@type\":\"ImageObject\",\"inLanguage\":\"fi\",\"@id\":\"https:\\\/\\\/museopaloautoyhdistys.fi\\\/?page_id=261#primaryimage\",\"url\":\"https:\\\/\\\/museopaloautoyhdistys.fi\\\/wp-content\\\/uploads\\\/2025\\\/08\\\/1961-Ford-F-250-Huittinen_PeHa-2-scaled.jpg\",\"contentUrl\":\"https:\\\/\\\/museopaloautoyhdistys.fi\\\/wp-content\\\/uploads\\\/2025\\\/08\\\/1961-Ford-F-250-Huittinen_PeHa-2-scaled.jpg\",\"width\":2560,\"height\":1920},{\"@type\":\"BreadcrumbList\",\"@id\":\"https:\\\/\\\/museopaloautoyhdistys.fi\\\/?page_id=261#breadcrumb\",\"itemListElement\":[{\"@type\":\"ListItem\",\"position\":1,\"name\":\"Home\",\"item\":\"https:\\\/\\\/museopaloautoyhdistys.fi\\\/\"},{\"@type\":\"ListItem\",\"position\":2,\"name\":\"Museopaloautot\",\"item\":\"https:\\\/\\\/museopaloautoyhdistys.fi\\\/?page_id=37\"},{\"@type\":\"ListItem\",\"position\":3,\"name\":\"FORD F-250 4&#215;4 vm 1961 MAASTOPALOAUTO\"}]},{\"@type\":\"WebSite\",\"@id\":\"https:\\\/\\\/museopaloautoyhdistys.fi\\\/#website\",\"url\":\"https:\\\/\\\/museopaloautoyhdistys.fi\\\/\",\"name\":\"Satakunnan Museopaloautoyhdistys\",\"description\":\"\",\"potentialAction\":[{\"@type\":\"SearchAction\",\"target\":{\"@type\":\"EntryPoint\",\"urlTemplate\":\"https:\\\/\\\/museopaloautoyhdistys.fi\\\/?s={search_term_string}\"},\"query-input\":{\"@type\":\"PropertyValueSpecification\",\"valueRequired\":true,\"valueName\":\"search_term_string\"}}],\"inLanguage\":\"fi\"}]}<\/script>\n<!-- \/ Yoast SEO plugin. -->","yoast_head_json":{"title":"FORD F-250 4x4 vm 1961 MAASTOPALOAUTO - Satakunnan Museopaloautoyhdistys","robots":{"index":"index","follow":"follow","max-snippet":"max-snippet:-1","max-image-preview":"max-image-preview:large","max-video-preview":"max-video-preview:-1"},"canonical":"https:\/\/museopaloautoyhdistys.fi\/?page_id=261","og_locale":"fi_FI","og_type":"article","og_title":"FORD F-250 4x4 vm 1961 MAASTOPALOAUTO - Satakunnan Museopaloautoyhdistys","og_description":"MERKKI, MALLI, VUOSIMALLIFord F-250, 4&#215;4, 1961REKISTERINUMEROTAJ-1VALMISTAJAFord Motor Company1961, USAKORITY\u00d6TAutokori- ja palokalustotehdas Nummela Oy, KaarinaKUNTOHyv\u00e4, mutta vaatii viel\u00e4 kunnostusta.Moottorin kunnostus kesken.OMISTAJASatakunnan pelastuslaitosHALTIJAHuittisten VPKLIS\u00c4TIEDOTPekka Lehtinen, puh. 044-3569495 Maastopaloauto Ford F-250 hankittiin Huittisiin uutena vuonna 1961. Isompi auto olisi tarvittu, mutta paloasemalla oli uutta autoa varten vain lyhyt paikka. Ford F-250 oli, ja on harvinainen, koska Suomessa on [&hellip;]","og_url":"https:\/\/museopaloautoyhdistys.fi\/?page_id=261","og_site_name":"Satakunnan Museopaloautoyhdistys","article_modified_time":"2026-01-08T19:37:01+00:00","og_image":[{"width":2560,"height":1920,"url":"https:\/\/museopaloautoyhdistys.fi\/wp-content\/uploads\/2025\/08\/1961-Ford-F-250-Huittinen_PeHa-2-scaled.jpg","type":"image\/jpeg"}],"twitter_card":"summary_large_image","twitter_misc":{"Arvioitu lukuaika":"2 minuuttia"},"schema":{"@context":"https:\/\/schema.org","@graph":[{"@type":"WebPage","@id":"https:\/\/museopaloautoyhdistys.fi\/?page_id=261","url":"https:\/\/museopaloautoyhdistys.fi\/?page_id=261","name":"FORD F-250 4x4 vm 1961 MAASTOPALOAUTO - Satakunnan Museopaloautoyhdistys","isPartOf":{"@id":"https:\/\/museopaloautoyhdistys.fi\/#website"},"primaryImageOfPage":{"@id":"https:\/\/museopaloautoyhdistys.fi\/?page_id=261#primaryimage"},"image":{"@id":"https:\/\/museopaloautoyhdistys.fi\/?page_id=261#primaryimage"},"thumbnailUrl":"https:\/\/museopaloautoyhdistys.fi\/wp-content\/uploads\/2025\/08\/1961-Ford-F-250-Huittinen_PeHa-2-1024x768.jpg","datePublished":"2025-08-21T06:01:48+00:00","dateModified":"2026-01-08T19:37:01+00:00","breadcrumb":{"@id":"https:\/\/museopaloautoyhdistys.fi\/?page_id=261#breadcrumb"},"inLanguage":"fi","potentialAction":[{"@type":"ReadAction","target":["https:\/\/museopaloautoyhdistys.fi\/?page_id=261"]}]},{"@type":"ImageObject","inLanguage":"fi","@id":"https:\/\/museopaloautoyhdistys.fi\/?page_id=261#primaryimage","url":"https:\/\/museopaloautoyhdistys.fi\/wp-content\/uploads\/2025\/08\/1961-Ford-F-250-Huittinen_PeHa-2-scaled.jpg","contentUrl":"https:\/\/museopaloautoyhdistys.fi\/wp-content\/uploads\/2025\/08\/1961-Ford-F-250-Huittinen_PeHa-2-scaled.jpg","width":2560,"height":1920},{"@type":"BreadcrumbList","@id":"https:\/\/museopaloautoyhdistys.fi\/?page_id=261#breadcrumb","itemListElement":[{"@type":"ListItem","position":1,"name":"Home","item":"https:\/\/museopaloautoyhdistys.fi\/"},{"@type":"ListItem","position":2,"name":"Museopaloautot","item":"https:\/\/museopaloautoyhdistys.fi\/?page_id=37"},{"@type":"ListItem","position":3,"name":"FORD F-250 4&#215;4 vm 1961 MAASTOPALOAUTO"}]},{"@type":"WebSite","@id":"https:\/\/museopaloautoyhdistys.fi\/#website","url":"https:\/\/museopaloautoyhdistys.fi\/","name":"Satakunnan Museopaloautoyhdistys","description":"","potentialAction":[{"@type":"SearchAction","target":{"@type":"EntryPoint","urlTemplate":"https:\/\/museopaloautoyhdistys.fi\/?s={search_term_string}"},"query-input":{"@type":"PropertyValueSpecification","valueRequired":true,"valueName":"search_term_string"}}],"inLanguage":"fi"}]}},"_links":{"self":[{"href":"https:\/\/museopaloautoyhdistys.fi\/index.php?rest_route=\/wp\/v2\/pages\/261","targetHints":{"allow":["GET"]}}],"collection":[{"href":"https:\/\/museopaloautoyhdistys.fi\/index.php?rest_route=\/wp\/v2\/pages"}],"about":[{"href":"https:\/\/museopaloautoyhdistys.fi\/index.php?rest_route=\/wp\/v2\/types\/page"}],"author":[{"embeddable":true,"href":"https:\/\/museopaloautoyhdistys.fi\/index.php?rest_route=\/wp\/v2\/users\/1"}],"replies":[{"embeddable":true,"href":"https:\/\/museopaloautoyhdistys.fi\/index.php?rest_route=%2Fwp%2Fv2%2Fcomments&post=261"}],"version-history":[{"count":2,"href":"https:\/\/museopaloautoyhdistys.fi\/index.php?rest_route=\/wp\/v2\/pages\/261\/revisions"}],"predecessor-version":[{"id":265,"href":"https:\/\/museopaloautoyhdistys.fi\/index.php?rest_route=\/wp\/v2\/pages\/261\/revisions\/265"}],"up":[{"embeddable":true,"href":"https:\/\/museopaloautoyhdistys.fi\/index.php?rest_route=\/wp\/v2\/pages\/37"}],"wp:attachment":[{"href":"https:\/\/museopaloautoyhdistys.fi\/index.php?rest_route=%2Fwp%2Fv2%2Fmedia&parent=261"}],"curies":[{"name":"wp","href":"https:\/\/api.w.org\/{rel}","templated":true}]}}